[INFO] fetching crate re_arrow_store 0.6.0...
[INFO] checking re_arrow_store-0.6.0 against master#e6e4f7ed1589e03bc2f6c5931c1a72e7947e8682 for beta-170-4
[INFO] extracting crate re_arrow_store 0.6.0 into /workspace/builds/worker-6-tc2/source
[INFO] validating manifest of crates.io crate re_arrow_store 0.6.0 on toolchain e6e4f7ed1589e03bc2f6c5931c1a72e7947e8682
[INFO] running `Command { std: CARGO_HOME="/workspace/cargo-home" RUSTUP_HOME="/workspace/rustup-home" "/workspace/cargo-home/bin/cargo" "+e6e4f7ed1589e03bc2f6c5931c1a72e7947e8682" "metadata" "--manifest-path" "Cargo.toml" "--no-deps", kill_on_drop: false }`
[INFO] started tweaking crates.io crate re_arrow_store 0.6.0
[INFO] removed 0 missing examples
[INFO] finished tweaking crates.io crate re_arrow_store 0.6.0
[INFO] tweaked toml for crates.io crate re_arrow_store 0.6.0 written to /workspace/builds/worker-6-tc2/source/Cargo.toml
[INFO] crate crates.io crate re_arrow_store 0.6.0 already has a lockfile, it will not be regenerated
[INFO] running `Command { std: CARGO_HOME="/workspace/cargo-home" RUSTUP_HOME="/workspace/rustup-home" "/workspace/cargo-home/bin/cargo" "+e6e4f7ed1589e03bc2f6c5931c1a72e7947e8682" "fetch" "--manifest-path" "Cargo.toml", kill_on_drop: false }`
[INFO] running `Command { std: "docker" "create" "-v" "/var/lib/crater-agent-workspace/builds/worker-6-tc2/target:/opt/rustwide/target:rw,Z" "-v" "/var/lib/crater-agent-workspace/builds/worker-6-tc2/source:/opt/rustwide/workdir:ro,Z" "-v" "/var/lib/crater-agent-workspace/cargo-home:/opt/rustwide/cargo-home:ro,Z" "-v" "/var/lib/crater-agent-workspace/rustup-home:/opt/rustwide/rustup-home:ro,Z" "-e" "SOURCE_DIR=/opt/rustwide/workdir" "-e" "CARGO_TARGET_DIR=/opt/rustwide/target" "-e" "CARGO_HOME=/opt/rustwide/cargo-home" "-e" "RUSTUP_HOME=/opt/rustwide/rustup-home" "-w" "/opt/rustwide/workdir" "-m" "1610612736" "--user" "0:0" "--network" "none" "ghcr.io/rust-lang/crates-build-env/linux@sha256:19e73879b68f455e41552ea35293514db52ea292d993f571636dbffedb77a1ee" "/opt/rustwide/cargo-home/bin/cargo" "+e6e4f7ed1589e03bc2f6c5931c1a72e7947e8682" "metadata" "--no-deps" "--format-version=1", kill_on_drop: false }`
[INFO] [stdout] b9947dd1ed6c75aa6b129136fe9ce0e680d8a7507288a435f1f69d2459e867a8
[INFO] running `Command { std: "docker" "start" "-a" "b9947dd1ed6c75aa6b129136fe9ce0e680d8a7507288a435f1f69d2459e867a8", kill_on_drop: false }`
[INFO] running `Command { std: "docker" "inspect" "b9947dd1ed6c75aa6b129136fe9ce0e680d8a7507288a435f1f69d2459e867a8", kill_on_drop: false }`
[INFO] running `Command { std: "docker" "rm" "-f" "b9947dd1ed6c75aa6b129136fe9ce0e680d8a7507288a435f1f69d2459e867a8", kill_on_drop: false }`
[INFO] [stdout] b9947dd1ed6c75aa6b129136fe9ce0e680d8a7507288a435f1f69d2459e867a8
[INFO] running `Command { std: "docker" "create" "-v" "/var/lib/crater-agent-workspace/builds/worker-6-tc2/target:/opt/rustwide/target:rw,Z" "-v" "/var/lib/crater-agent-workspace/builds/worker-6-tc2/source:/opt/rustwide/workdir:ro,Z" "-v" "/var/lib/crater-agent-workspace/cargo-home:/opt/rustwide/cargo-home:ro,Z" "-v" "/var/lib/crater-agent-workspace/rustup-home:/opt/rustwide/rustup-home:ro,Z" "-e" "SOURCE_DIR=/opt/rustwide/workdir" "-e" "CARGO_TARGET_DIR=/opt/rustwide/target" "-e" "CARGO_INCREMENTAL=0" "-e" "RUST_BACKTRACE=full" "-e" "RUSTFLAGS=--cap-lints=forbid" "-e" "RUSTDOCFLAGS=--cap-lints=forbid" "-e" "CARGO_HOME=/opt/rustwide/cargo-home" "-e" "RUSTUP_HOME=/opt/rustwide/rustup-home" "-w" "/opt/rustwide/workdir" "-m" "1610612736" "--user" "0:0" "--network" "none" "ghcr.io/rust-lang/crates-build-env/linux@sha256:19e73879b68f455e41552ea35293514db52ea292d993f571636dbffedb77a1ee" "/opt/rustwide/cargo-home/bin/cargo" "+e6e4f7ed1589e03bc2f6c5931c1a72e7947e8682" "check" "--frozen" "--all" "--all-targets" "--message-format=json", kill_on_drop: false }`
[INFO] [stdout] c1a1a46dd0d24ba66124f5c86e331d0d837f7c36fd09e5e8fd71cbb4fea7246a
[INFO] running `Command { std: "docker" "start" "-a" "c1a1a46dd0d24ba66124f5c86e331d0d837f7c36fd09e5e8fd71cbb4fea7246a", kill_on_drop: false }`
[INFO] [stderr]    Compiling proc-macro2 v1.0.58
[INFO] [stderr]    Compiling unicode-ident v1.0.8
[INFO] [stderr]    Compiling quote v1.0.27
[INFO] [stderr]    Compiling libc v0.2.144
[INFO] [stderr]    Compiling syn v1.0.109
[INFO] [stderr]    Compiling serde v1.0.163
[INFO] [stderr]     Checking once_cell v1.17.1
[INFO] [stderr]    Compiling num-traits v0.2.15
[INFO] [stderr]     Checking static_assertions v1.1.0
[INFO] [stderr]    Compiling lock_api v0.4.9
[INFO] [stderr]    Compiling parking_lot_core v0.9.7
[INFO] [stderr]    Compiling crossbeam-utils v0.8.15
[INFO] [stderr]     Checking smallvec v1.10.0
[INFO] [stderr]     Checking either v1.8.1
[INFO] [stderr]     Checking lexical-util v0.8.5
[INFO] [stderr]    Compiling memoffset v0.8.0
[INFO] [stderr]    Compiling semver v1.0.17
[INFO] [stderr]    Compiling syn v2.0.16
[INFO] [stderr]    Compiling target-features v0.1.4
[INFO] [stderr]    Compiling signal-hook v0.3.15
[INFO] [stderr]    Compiling ahash v0.8.3
[INFO] [stderr]    Compiling num-integer v0.1.45
[INFO] [stderr]    Compiling crossbeam-epoch v0.9.14
[INFO] [stderr]     Checking lexical-parse-integer v0.8.6
[INFO] [stderr]    Compiling rustc_version v0.4.0
[INFO] [stderr]     Checking lexical-write-integer v0.8.5
[INFO] [stderr]     Checking getrandom v0.2.9
[INFO] [stderr]     Checking signal-hook-registry v1.4.1
[INFO] [stderr]     Checking mio v0.8.6
[INFO] [stderr]     Checking array-init-cursor v0.2.0
[INFO] [stderr]     Checking parking_lot v0.12.1
[INFO] [stderr]    Compiling heck v0.4.1
[INFO] [stderr]     Checking planus v0.3.1
[INFO] [stderr]     Checking lexical-write-float v0.8.5
[INFO] [stderr]    Compiling arrow2 v0.17.1
[INFO] [stderr]     Checking crossbeam-deque v0.8.3
[INFO] [stderr]     Checking signal-hook-mio v0.2.3
[INFO] [stderr]     Checking lexical-parse-float v0.8.5
[INFO] [stderr]     Checking crossterm v0.25.0
[INFO] [stderr]     Checking crossbeam-channel v0.5.8
[INFO] [stderr]     Checking unicode-width v0.1.10
[INFO] [stderr]     Checking strum v0.24.1
[INFO] [stderr]     Checking aho-corasick v1.0.1
[INFO] [stderr]     Checking chrono v0.4.24
[INFO] [stderr]     Checking foreign_vec v0.1.0
[INFO] [stderr]     Checking strength_reduce v0.2.4
[INFO] [stderr]     Checking regex-syntax v0.7.2
[INFO] [stderr]     Checking lexical-core v0.8.5
[INFO] [stderr]     Checking dyn-clone v1.0.11
[INFO] [stderr]     Checking simdutf8 v0.1.4
[INFO] [stderr]     Checking hash_hasher v2.0.3
[INFO] [stderr]     Checking ethnum v1.3.2
[INFO] [stderr]    Compiling rayon-core v1.11.0
[INFO] [stderr]    Compiling wasm-bindgen-shared v0.2.86
[INFO] [stderr]    Compiling io-lifetimes v1.0.10
[INFO] [stderr]    Compiling log v0.4.17
[INFO] [stderr]    Compiling proc-macro-error-attr v1.0.4
[INFO] [stderr]     Checking num_cpus v1.15.0
[INFO] [stderr]    Compiling rustix v0.37.19
[INFO] [stderr]    Compiling thiserror v1.0.40
[INFO] [stderr]    Compiling cfg-if v1.0.0
[INFO] [stderr]    Compiling err-derive v0.3.1
[INFO] [stderr]     Checking linux-raw-sys v0.3.8
[INFO] [stderr]    Compiling unicode-xid v0.2.4
[INFO] [stderr]    Compiling bumpalo v3.13.0
[INFO] [stderr]    Compiling smartstring v1.0.1
[INFO] [stderr]     Checking rayon v1.7.0
[INFO] [stderr]     Checking regex v1.8.2
[INFO] [stderr]    Compiling matrixmultiply v0.3.7
[INFO] [stderr]    Compiling wasm-bindgen v0.2.86
[INFO] [stderr]    Compiling crossbeam-queue v0.3.8
[INFO] [stderr]    Compiling litrs v0.2.3
[INFO] [stderr]    Compiling wasm-bindgen-backend v0.2.86
[INFO] [stderr]    Compiling proc-macro-error v1.0.4
[INFO] [stderr]    Compiling synstructure v0.12.6
[INFO] [stderr]    Compiling typenum v1.16.0
[INFO] [stderr]    Compiling az v1.2.1
[INFO] [stderr]    Compiling wasm-bindgen-macro-support v0.2.86
[INFO] [stderr]    Compiling document-features v0.2.7
[INFO] [stderr]     Checking is-terminal v0.4.7
[INFO] [stderr]     Checking itertools v0.10.5
[INFO] [stderr]     Checking tracing-core v0.1.31
[INFO] [stderr]    Compiling time-core v0.1.1
[INFO] [stderr]     Checking rawpointer v0.2.1
[INFO] [stderr]     Checking termcolor v1.2.0
[INFO] [stderr]    Compiling fixed v1.23.1
[INFO] [stderr]    Compiling serde_json v1.0.96
[INFO] [stderr]    Compiling cc v1.0.79
[INFO] [stderr]     Checking humantime v2.1.0
[INFO] [stderr]     Checking web-time v0.2.0
[INFO] [stderr]     Checking env_logger v0.10.0
[INFO] [stderr]    Compiling time-macros v0.2.9
[INFO] [stderr]     Checking num-complex v0.4.3
[INFO] [stderr]     Checking log-once v0.4.0
[INFO] [stderr]    Compiling indexmap v1.9.3
[INFO] [stderr]     Checking clap_lex v0.5.0
[INFO] [stderr]     Checking ciborium-io v0.2.1
[INFO] [stderr]     Checking anstyle v1.0.0
[INFO] [stderr]     Checking nohash-hasher v0.2.0
[INFO] [stderr]    Compiling libmimalloc-sys v0.1.33
[INFO] [stderr]     Checking half v1.8.2
[INFO] [stderr]     Checking plotters-backend v0.3.4
[INFO] [stderr]    Compiling serde_derive v1.0.163
[INFO] [stderr]    Compiling bytemuck_derive v1.4.1
[INFO] [stderr]    Compiling thiserror-impl v1.0.40
[INFO] [stderr]    Compiling multiversion-macros v0.7.2
[INFO] [stderr]    Compiling strum_macros v0.24.3
[INFO] [stderr]    Compiling arrow2_convert_derive v0.5.0
[INFO] [stderr]    Compiling tracing-attributes v0.1.24
[INFO] [stderr]    Compiling wasm-bindgen-macro v0.2.86
[INFO] [stderr]     Checking bytemuck v1.13.1
[INFO] [stderr]     Checking half v2.2.1
[INFO] [stderr]     Checking time v0.3.21
[INFO] [stderr]     Checking plotters-svg v0.3.3
[INFO] [stderr]     Checking ciborium-ll v0.2.1
[INFO] [stderr]    Compiling num-derive v0.3.3
[INFO] [stderr]     Checking clap_builder v4.3.0
[INFO] [stderr]     Checking comfy-table v6.1.4
[INFO] [stderr]     Checking multiversion v0.7.2
[INFO] [stderr]     Checking re_string_interner v0.6.0
[INFO] [stderr]     Checking puffin v0.15.0
[INFO] [stderr]     Checking ndarray v0.15.6
[INFO] [stderr]     Checking polars-utils v0.29.0
[INFO] [stderr]     Checking crossbeam v0.8.2
[INFO] [stderr]     Checking hashbrown v0.13.2
[INFO] [stderr]     Checking rand_core v0.6.4
[INFO] [stderr]    Compiling anyhow v1.0.71
[INFO] [stderr]     Checking same-file v1.0.6
[INFO] [stderr]     Checking hashbrown v0.12.3
[INFO] [stderr]     Checking cast v0.3.0
[INFO] [stderr]     Checking tracing v0.1.37
[INFO] [stderr]     Checking ppv-lite86 v0.2.17
[INFO] [stderr]     Checking array-init v2.1.0
[INFO] [stderr]     Checking re_log v0.6.0
[INFO] [stderr]     Checking criterion-plot v0.5.0
[INFO] [stderr]     Checking walkdir v2.3.3
[INFO] [stderr]     Checking rand_chacha v0.3.1
[INFO] [stderr]     Checking plotters v0.3.4
[INFO] [stderr]     Checking indent v0.1.1
[INFO] [stderr]     Checking anes v0.1.6
[INFO] [stderr]     Checking tinyvec_macros v0.1.1
[INFO] [stderr]     Checking xxhash-rust v0.8.6
[INFO] [stderr]     Checking oorandom v11.1.3
[INFO] [stderr]     Checking tinyvec v1.6.0
[INFO] [stderr]     Checking rand v0.8.5
[INFO] [stderr]     Checking mimalloc v0.1.37
[INFO] [stderr]     Checking clap v4.3.0
[INFO] [stderr]     Checking arrow-format v0.8.1
[INFO] [stderr]     Checking uuid v1.3.3
[INFO] [stderr]     Checking ciborium v0.2.1
[INFO] [stderr]     Checking tinytemplate v1.2.1
[INFO] [stderr]     Checking criterion v0.5.0
[INFO] [stderr]     Checking arrow2_convert v0.5.0
[INFO] [stderr]     Checking polars-error v0.29.0
[INFO] [stderr]     Checking polars-arrow v0.29.0
[INFO] [stderr]     Checking polars-row v0.29.0
[INFO] [stderr]     Checking re_tuid v0.6.0
[INFO] [stderr]     Checking re_format v0.6.0
[INFO] [stderr]     Checking polars-core v0.29.0
[INFO] [stderr]     Checking re_log_types v0.6.0
[INFO] [stderr]     Checking re_arrow_store v0.6.0 (/opt/rustwide/workdir)
[INFO] [stdout] error[E0432]: unresolved import `re_log_types::datagen`
[INFO] [stdout]   --> tests/dump.rs:12:5
[INFO] [stdout]    |
[INFO] [stdout] 12 |     datagen::{
[INFO] [stdout]    |     ^^^^^^^ could not find `datagen` in `re_log_types`
[INFO] [stdout] 
[INFO] [stdout] 
[INFO] [stdout] error[E0432]: unresolved import `re_log_types::datagen`
[INFO] [stdout]   --> tests/internals.rs:10:5
[INFO] [stdout]    |
[INFO] [stdout] 10 |     datagen::{build_frame_nr, build_some_instances},
[INFO] [stdout]    |     ^^^^^^^ could not find `datagen` in `re_log_types`
[INFO] [stdout] 
[INFO] [stdout] 
[INFO] [stdout] error[E0432]: unresolved import `re_log_types::datagen`
[INFO] [stdout]   --> tests/correctness.rs:15:5
[INFO] [stdout]    |
[INFO] [stdout] 15 |     datagen::{
[INFO] [stdout]    |     ^^^^^^^ could not find `datagen` in `re_log_types`
[INFO] [stdout] 
[INFO] [stdout] 
[INFO] [stdout] error[E0432]: unresolved import `re_log_types::datagen`
[INFO] [stdout]   --> benches/data_store.rs:13:5
[INFO] [stdout]    |
[INFO] [stdout] 13 |     datagen::{build_frame_nr, build_some_instances, build_some_rects},
[INFO] [stdout]    |     ^^^^^^^ could not find `datagen` in `re_log_types`
[INFO] [stdout] 
[INFO] [stdout] 
[INFO] [stdout] error: aborting due to previous error
[INFO] [stdout] 
[INFO] [stdout] 
[INFO] [stdout] For more information about this error, try `rustc --explain E0432`.
[INFO] [stdout] 
[INFO] [stderr] error: could not compile `re_arrow_store` (test "internals") due to 2 previous errors
[INFO] [stderr] warning: build failed, waiting for other jobs to finish...
[INFO] [stdout] error: aborting due to previous error
[INFO] [stdout] 
[INFO] [stdout] 
[INFO] [stdout] For more information about this error, try `rustc --explain E0432`.
[INFO] [stdout] 
[INFO] [stderr] error: could not compile `re_arrow_store` (test "dump") due to 2 previous errors
[INFO] [stdout] error: aborting due to previous error
[INFO] [stdout] 
[INFO] [stdout] 
[INFO] [stdout] For more information about this error, try `rustc --explain E0432`.
[INFO] [stdout] 
[INFO] [stdout] error[E0432]: unresolved import `re_log_types::datagen`
[INFO] [stdout]   --> benches/arrow2.rs:13:5
[INFO] [stdout]    |
[INFO] [stdout] 13 |     datagen::{build_some_instances, build_some_point2d, build_some_rects},
[INFO] [stdout]    |     ^^^^^^^ could not find `datagen` in `re_log_types`
[INFO] [stdout] 
[INFO] [stdout] 
[INFO] [stderr] error: could not compile `re_arrow_store` (bench "data_store") due to 2 previous errors
[INFO] [stdout] error: aborting due to previous error
[INFO] [stdout] 
[INFO] [stdout] 
[INFO] [stdout] For more information about this error, try `rustc --explain E0432`.
[INFO] [stdout] 
[INFO] [stderr] error: could not compile `re_arrow_store` (test "correctness") due to 2 previous errors
[INFO] [stdout] error[E0432]: unresolved import `re_log_types::datagen`
[INFO] [stdout]    --> src/arrow_util.rs:227:23
[INFO] [stdout]     |
[INFO] [stdout] 227 |     use re_log_types::datagen::build_some_colors;
[INFO] [stdout]     |                       ^^^^^^^ could not find `datagen` in `re_log_types`
[INFO] [stdout] 
[INFO] [stdout] 
[INFO] [stdout] error: aborting due to previous error
[INFO] [stdout] 
[INFO] [stdout] 
[INFO] [stdout] For more information about this error, try `rustc --explain E0432`.
[INFO] [stdout] 
[INFO] [stderr] error: could not compile `re_arrow_store` (bench "arrow2") due to 2 previous errors
[INFO] [stdout] error: aborting due to previous error
[INFO] [stdout] 
[INFO] [stdout] 
[INFO] [stdout] For more information about this error, try `rustc --explain E0432`.
[INFO] [stdout] 
[INFO] [stderr] error: could not compile `re_arrow_store` (lib test) due to 2 previous errors
[INFO] running `Command { std: "docker" "inspect" "c1a1a46dd0d24ba66124f5c86e331d0d837f7c36fd09e5e8fd71cbb4fea7246a", kill_on_drop: false }`
[INFO] running `Command { std: "docker" "rm" "-f" "c1a1a46dd0d24ba66124f5c86e331d0d837f7c36fd09e5e8fd71cbb4fea7246a", kill_on_drop: false }`
[INFO] [stdout] c1a1a46dd0d24ba66124f5c86e331d0d837f7c36fd09e5e8fd71cbb4fea7246a
